 - -3*3140/28?
3
Suppose 36 - 4 = t. What is the tens digit of t?
3
Let p be 2/(-4) + (-20)/(-8). Suppose b = 2*b - p. What is the units digit of b?
2
Let o be 3/(-2) + (-3)/2. What is the units digit of -9*(3 + 10/o)?
3
Let t = -14 + 20. What is the tens digit of 2 + 2*t*1?
1
Let x(v) = 2*v**2 - 11*v + 10. What is the units digit of x(7)?
1
Suppose 3*d = -5*q + 4, 0*q + 2*d = q - 6. Let a(b) = -b**3 + 5*b**2 + 3*b + 2. Let v be a(4). Suppose -w + 7 = q, -5*w + v = k. What is the units digit of k?
5
Let d = 0 + -3. What is the units digit of (d + 16)*(-1 + 2)?
3
Let x(r) be the second derivative of -r**3 + r**2 - 2*r. Let f be x(2). What is the units digit of (-576)/(-40) + (-6)/f?
5
Let a = 15 - 9. What is the units digit of (30/18)/(2/a)?
5
Suppose -45 = -0*t - 5*t. Let q = t + -2. What is the units digit of q?
7
Let a = -54 - -131. Suppose -3*t - 2*c = -10, 5*t = 4*c - 31 + a. What is the units digit of t?
6
Let j = -2 - -6. Suppose w - 25 = 4*h, -2*w + w - 20 = 5*h. Suppose w*i = -5*y + 15, 0 = j*y - 4. What is the units digit of i?
2
Let d(l) = l**3 + 15*l**2 + 20*l + 16. What is the hundreds digit of d(-9)?
3
Suppose 3*z + 0 = -30. Let m = z + 20. What is the units digit of m?
0
Let r = 8 - 8. Suppose y + 4*q - 21 = r, 3*y = -5*q - 3 + 66. What is the tens digit of y?
2
Let t = 11 + 217. Suppose -2*d = -4*d - t. What is the units digit of (-2)/(-4)*d/(-3)?
9
Suppose 4*m - 4*q + 16 = 0, 0*q = -m - q. Let u be 0/(-3)*1/m. Suppose u*k = 4*k - o - 27, -o = -5*k + 35. What is the units digit of k?
8
Suppose -3*s = 2*i - 4*i + 110, 139 = 3*i + 2*s. Let r = -32 + i. What is the tens digit of r?
1
Let t = 116 + -14. What is the tens digit of t?
0
Suppose -q + 33 = 2*q. Let x = q - 8. Suppose f = -x*f + 32. What is the units digit of f?
8
Suppose -x - 92 = 2*k - 5*k, -4*x + 112 = 3*k. What is the tens digit of k?
3
Let a be ((-44)/3)/(1/(-3)). Suppose -2*g - a = -6*g. What is the tens digit of g?
1
Let j(w) = w**2 - 2*w + 4. What is the units digit of j(3)?
7
Let k(t) = t**3 + t - 3. What is the tens digit of k(3)?
2
What is the units digit of 1 - (0 - 1 - 0)?
2
Let t(n) = -2*n + 2. Let z be t(5). Let y = 13 + z. What is the units digit of y?
5
Let m(d) = -d**2 - 8*d + 3. Let w be m(-6). Let j = -4 + w. What is the tens digit of j?
1
Let j(t) = t**2 - 2*t - 3. Let k be j(6). Let d = k - 9. What is the tens digit of d?
1
Let q(g) = -g - 6. Let w be q(-6). Suppose -5*r - 4 - 6 = w. What is the tens digit of (0 - -10 - r) + 1?
1
What is the tens digit of ((-4)/(-10))/(14/1750)?
5
Suppose -3*l - 16 = 2. Let j = l + 8. What is the units digit of j?
2
Suppose -4*b + 2*b + 3*p + 31 = 0, 0 = 4*p + 20. Let f(n) = -n + 11. What is the units digit of f(b)?
3
Suppose 5*l = 24 + 46. Suppose 10 = 2*p, -i + 6 = 4*p - l. Suppose u - 8 - 3 = i. What is the tens digit of u?
1
Suppose -2*x = -4*v - 72, -2*x = -5*v + 2*v - 72. What is the tens digit of x?
3
Suppose 100 = 5*f - 5*p, -2*p - 57 = -3*f - 1. What is the tens digit of f?
1
Suppose 2*r + 5*g = 17, 2*r + r = g. What is the units digit of (-1 - r)/1 + 6?
4
Let n(i) = -i. Let p be n(-1). Let o = p + 3. Suppose 0*q = 4*q - o. What is the units digit of q?
1
Suppose 2 = -n + r - 0, -r = -3*n + 2. Suppose n*i = 19 + 41. What is the units digit of i?
0
Let a(g) = 20*g**3 - g - 1. Let v be a(2). Let q = v - 107. Suppose 3*d = 5*m - q - 18, m = -d + 20. What is the tens digit of m?
1
Let v = -9 + 19. What is the tens digit of v?
1
Suppose -10*u + 1326 = -1254. What is the units digit of u?
8
Let j be (-2)/7 - (-46)/14. Suppose j*a - 40 = -2*a. What is the units digit of a?
8
Let r(d) = 3*d + 1. Let i(m) = 10*m + 2. Let j(k) = -2*i(k) + 7*r(k). Let w be j(-5). What is the units digit of (-1 - 2)/(w/2)?
3
What is the units digit of -3 - 252/(-2 + -2)?
0
Suppose -14 - 10 = -4*c. Let i = -1 + c. Suppose 27 = i*x + 7. What is the units digit of x?
4
Suppose 4*p - 2*p = 2*r - 10, -4*p = 5*r + 29. Suppose 5*y + 0 = 2*c - 2, -4*y = -2*c + 2. Let g = c - p. What is the units digit of g?
7
Suppose -g + 4*p = -3*g + 206, 0 = p + 4. Suppose 3*n + g = 3*b, 0*b + n = -b + 39. What is the tens digit of b?
3
Let l be 6/(-8) + (-30)/(-8). Let i be -4*(l - 6)/(-6). Let w(s) = -2*s - 3. What is the units digit of w(i)?
1
Let b(g) = -g**3 + g**2 + 3*g + 5. Let c be b(4). Let n = -18 - c. What is the units digit of n?
3
Let m be (4/5)/((-4)/(-10)). Suppose 6 = i - m. What is the units digit of i?
8
Suppose 60 = -4*g - 108. What is the units digit of (g/12)/(2/(-8))?
4
Suppose 3 = 3*s - 3. Let w be (-54)/4*-2 + s. Suppose -3*l = -w - 10. What is the tens digit of l?
1
Let y(x) = x + 14. What is the units digit of y(-10)?
4
Let r(p) = p**2 + p + 2. Let o(l) = -8*l - 6*l**2 + 0*l**2 + 11 + l**3 - 2. Let u be o(7). What is the units digit of r(u)?
8
Suppose -2*o + 30 = -2*m + 6*m, 3*m = 2*o - 23. Let x = 18 - o. Suppose 0 = x*n - 3*n, -4*n + 9 = 3*b. What is the units digit of b?
3
Let t(g) = g**3 + 9*g**2 - 13*g + 8. Let d be 153/(-15) + (-2)/(-10). What is the tens digit of t(d)?
3
Suppose 0*i + 5*i = 2*t - 176, -2*i + t - 70 = 0. What is the tens digit of i/(-8)*20/6?
1
Let c be (-4)/(-10) - 240/(-25). Suppose 0 = 3*p - 2*p - c. What is the tens digit of p?
1
Let t(w) = w**2 - 6*w + 7. Let l be t(5). Suppose 2*r - 2 = l. What is the units digit of r?
2
Suppose u - 4 = -2. Suppose -u*m = -m. Suppose 3*h + v = 28, -3*h - 3*v + 24 + 0 = m. What is the tens digit of h?
1
Let q(l) = l**2 + 4*l. What is the units digit of q(-9)?
5
Let m(n) = -n**3 + 5*n**2 - 2*n + 3. Let r(o) = o**2. Let i(g) = -m(g) - 3*r(g). What is the units digit of i(8)?
3
Let s = -4 + 49. What is the units digit of s?
5
What is the tens digit of 116/2 - (-5 + 2)?
6
Let s be (3 + 1)/(-2 + 3). Suppose -2*d = -4*q + 8, -3*d - 3*q + 9 + 6 = 0. Suppose -d*z = s*a - z - 26, z = -a + 5. What is the units digit of a?
7
Let k = -37 + 67. Suppose 5*i - k = 5. What is the units digit of i?
7
Let u(b) = b**2 + 5*b + 9. What is the tens digit of u(-6)?
1
Suppose -5*d + 20 = -9*d. What is the units digit of ((-34)/8)/(d/20)?
7
Let p = 4 - -18. What is the units digit of (4/3)/(p/33)?
2
What is the tens digit of ((-117)/(-26))/((-2)/(-8))?
1
Suppose -2*y + 6 = -0*y - 4*s, 4*s = -2*y + 22. Suppose -1 = 2*v - y. What is the units digit of v?
3
Let c(i) = i + 7. Let w be c(8). Let s = w - 9. What is the units digit of s?
6
Let r(z) = 30*z + 10. What is the hundreds digit of r(6)?
1
Suppose 4*y - 16 = 80. What is the tens digit of y?
2
Suppose 10*j - 5*j - 3*x = 17, -4 = x. Let r be (-4)/4*(1 - j). Suppose -20 = -5*c + 3*b + 2*b, r = c - 3*b - 8. What is the units digit of c?
2
Let g(b) = 2*b - 2. Let f be g(2). What is the tens digit of 88/5 - f/(-5)?
1
Suppose 5*y + 18 = 88. Suppose 0 = 2*v + 4*w, 2*v - 2*w + 2 = y. What is the units digit of v?
4
Suppose -4*l - 156 = -5*o, 3*l = -o - 143 + 26. What is the units digit of 1/4 - l/4?
0
Suppose -12 = 4*d, -3*c - c + d + 67 = 0. What is the units digit of c?
6
Let r = -21 + 38. Suppose w = 5, w + r = -4*n + 66. Let y = -2 + n. What is the units digit of y?
9
Let d(o) = 3*o**2 + 7*o. What is the units digit of d(-6)?
6
Suppose -c - 4*q + 5*q + 27 = 0, -5*c + 143 = 3*q. What is the tens digit of c?
2
Let g(d) be the third derivative of -d**5/60 + d**4/4 + 7*d**3/6 - 5*d**2. What is the units digit of g(6)?
7
What is the hundreds digit of (1 + -15)*(1287/(-6))/11?
2
Suppose -7 = 3*w + 8. Let q = w + 12. What is the units digit of q?
7
Let q(w) be the second derivative of w**5/20 + 5*w**4/12 - w**3/6 + 3*w**2 + w. Let s be (0 + -1)*(5 - 0). What is the tens digit of q(s)?
1
What is the tens digit of 8/(4/6 + (-1)/6)?
1
Let c(d) = -d**2 + d - 1. Let k(q) = 2*q**2 + 4*q - 7. Let p = 5 + -6. Let a(b) = p*k(b) - c(b). What is the units digit of a(-6)?
2
Suppose o - 5*g = 5, 0 = -5*o - g + 142 + 13. Suppose -2*y + o = y. What is the tens digit of y?
1
Let y(k) be the second derivative of k**4/12 - 7*k**3/6 + 9*k**2/2 - 8*k. What is the tens digit of y(8)?
1
Let i be (-21)/6*-4 + 1. What is the tens digit of -3*i/(-9)*3?
1
Suppose -4*l + 18 + 2 = 0. Let h(f) = -21*f - 18. Let q(b) = -6*b - 5. Let c(g) = 5*h(g) - 18*q(g). What is the units digit of c(l)?
5
Let d(t) = t**2 - 5*t - 1. Suppose 3*u - a = a + 5, -2*a = -10. Let f be d(u). What is the 